{"id":23,"date":"2019-08-24T12:15:05","date_gmt":"2019-08-24T12:15:05","guid":{"rendered":"http:\/\/cakstesmaja.com\/?page_id=23"},"modified":"2019-09-03T13:25:45","modified_gmt":"2019-09-03T13:25:45","slug":"audio","status":"publish","type":"page","link":"https:\/\/cakstesmaja.com\/?page_id=23","title":{"rendered":""},"content":{"rendered":"\t\t<div data-elementor-type=\"wp-post\" data-elementor-id=\"23\" class=\"elementor elementor-23\">\n\t\t\t\t\t\t<section class=\"elementor-section elementor-top-section elementor-element elementor-element-61dfedcd elementor-section-boxed elementor-section-height-default elementor-section-height-default\" data-id=\"61dfedcd\" data-element_type=\"section\">\n\t\t\t\t\t\t<div class=\"elementor-container elementor-column-gap-default\">\n\t\t\t\t\t<div class=\"elementor-column elementor-col-100 elementor-top-column elementor-element elementor-element-31696e04\" data-id=\"31696e04\" data-element_type=\"column\">\n\t\t\t<div class=\"elementor-widget-wrap elementor-element-populated\">\n\t\t\t\t\t\t<div class=\"elementor-element elementor-element-6a21de6 elementor-widget elementor-widget-text-editor\" data-id=\"6a21de6\" data-element_type=\"widget\" data-widget_type=\"text-editor.default\">\n\t\t\t\t<div class=\"elementor-widget-container\">\n\t\t\t\t\t\t\t\t\t\n<figure class=\"wp-block-audio aligncenter\">\n<p>Dziesmusv\u0113tki Jelgav\u0101<\/p>\n<audio class=\"wp-audio-shortcode\" id=\"audio-23-1\" preload=\"none\" style=\"width: 100%;\" controls=\"controls\"><source type=\"audio\/wav\" src=\"http:\/\/cakstesmaja.com\/wp-content\/uploads\/2019\/08\/par_J.Caksti_dziesmu_svetki_Jelgava.wav?_=1\" \/><a href=\"http:\/\/cakstesmaja.com\/wp-content\/uploads\/2019\/08\/par_J.Caksti_dziesmu_svetki_Jelgava.wav\">http:\/\/cakstesmaja.com\/wp-content\/uploads\/2019\/08\/par_J.Caksti_dziesmu_svetki_Jelgava.wav<\/a><\/audio>\n<p>\u00a0<\/p>\n<p>Person\u012bbas izaugsme<\/p>\n<audio class=\"wp-audio-shortcode\" id=\"audio-23-2\" preload=\"none\" style=\"width: 100%;\" controls=\"controls\"><source type=\"audio\/wav\" src=\"http:\/\/cakstesmaja.com\/wp-content\/uploads\/2019\/08\/Par_J.\u010caksti_personibas_izaugsme.wav?_=2\" \/><a href=\"http:\/\/cakstesmaja.com\/wp-content\/uploads\/2019\/08\/Par_J.\u010caksti_personibas_izaugsme.wav\">http:\/\/cakstesmaja.com\/wp-content\/uploads\/2019\/08\/Par_J.\u010caksti_personibas_izaugsme.wav<\/a><\/audio>\n<p>\u00a0<\/p>\n<p>Politisk\u0101 darba pieredze<\/p>\n<audio class=\"wp-audio-shortcode\" id=\"audio-23-3\" preload=\"none\" style=\"width: 100%;\" controls=\"controls\"><source type=\"audio\/wav\" src=\"http:\/\/cakstesmaja.com\/wp-content\/uploads\/2019\/08\/Par_J.Caksti_politiska_darba_pieredze.wav?_=3\" \/><a href=\"http:\/\/cakstesmaja.com\/wp-content\/uploads\/2019\/08\/Par_J.Caksti_politiska_darba_pieredze.wav\">http:\/\/cakstesmaja.com\/wp-content\/uploads\/2019\/08\/Par_J.Caksti_politiska_darba_pieredze.wav<\/a><\/audio>\n<p>\u00a0<\/p>\n<p>Par 18.Novembri<\/p>\n<audio class=\"wp-audio-shortcode\" id=\"audio-23-4\" preload=\"none\" style=\"width: 100%;\" controls=\"controls\"><source type=\"audio\/wav\" src=\"http:\/\/cakstesmaja.com\/wp-content\/uploads\/2019\/08\/Par_18novembri-1.wav?_=4\" \/><a href=\"http:\/\/cakstesmaja.com\/wp-content\/uploads\/2019\/08\/Par_18novembri-1.wav\">http:\/\/cakstesmaja.com\/wp-content\/uploads\/2019\/08\/Par_18novembri-1.wav<\/a><\/audio>\n<p>\u00a0<\/p>\n<p>Kr\u0113sls<\/p>\n<audio class=\"wp-audio-shortcode\" id=\"audio-23-5\" preload=\"none\" style=\"width: 100%;\" controls=\"controls\"><source type=\"audio\/wav\" src=\"http:\/\/cakstesmaja.com\/wp-content\/uploads\/2019\/08\/Kresls-1.wav?_=5\" \/><a href=\"http:\/\/cakstesmaja.com\/wp-content\/uploads\/2019\/08\/Kresls-1.wav\">http:\/\/cakstesmaja.com\/wp-content\/uploads\/2019\/08\/Kresls-1.wav<\/a><\/audio>\n<p>\u00a0<\/p>\n<p>Gr\u0101mata<\/p>\n<audio class=\"wp-audio-shortcode\" id=\"audio-23-6\" preload=\"none\" style=\"width: 100%;\" controls=\"controls\"><source type=\"audio\/wav\" src=\"http:\/\/cakstesmaja.com\/wp-content\/uploads\/2019\/08\/Gramata-1.wav?_=6\" \/><a href=\"http:\/\/cakstesmaja.com\/wp-content\/uploads\/2019\/08\/Gramata-1.wav\">http:\/\/cakstesmaja.com\/wp-content\/uploads\/2019\/08\/Gramata-1.wav<\/a><\/audio>\n<p>\u00a0<\/p>\n<p>Dzimtas m\u0101jas laim\u012bgie gadi<\/p>\n<audio class=\"wp-audio-shortcode\" id=\"audio-23-7\" preload=\"none\" style=\"width: 100%;\" controls=\"controls\"><source type=\"audio\/wav\" src=\"http:\/\/cakstesmaja.com\/wp-content\/uploads\/2019\/08\/Dzimtas_majas_laimigie_gadi-1.wav?_=7\" \/><a href=\"http:\/\/cakstesmaja.com\/wp-content\/uploads\/2019\/08\/Dzimtas_majas_laimigie_gadi-1.wav\">http:\/\/cakstesmaja.com\/wp-content\/uploads\/2019\/08\/Dzimtas_majas_laimigie_gadi-1.wav<\/a><\/audio>\n<p>\u00a0<\/p>\n<p>Au\u010di juku laikos un atgrie\u0161an\u0101s<\/p>\n<audio class=\"wp-audio-shortcode\" id=\"audio-23-8\" preload=\"none\" style=\"width: 100%;\" controls=\"controls\"><source type=\"audio\/wav\" src=\"http:\/\/cakstesmaja.com\/wp-content\/uploads\/2019\/08\/Auci_juku_laiki_un_atgriesanas-1.wav?_=8\" \/><a href=\"http:\/\/cakstesmaja.com\/wp-content\/uploads\/2019\/08\/Auci_juku_laiki_un_atgriesanas-1.wav\">http:\/\/cakstesmaja.com\/wp-content\/uploads\/2019\/08\/Auci_juku_laiki_un_atgriesanas-1.wav<\/a><\/audio>\n<p>\u00a0<\/p>\n<p>Atsl\u0113ga<\/p>\n<audio class=\"wp-audio-shortcode\" id=\"audio-23-9\" preload=\"none\" style=\"width: 100%;\" controls=\"controls\"><source type=\"audio\/wav\" src=\"http:\/\/cakstesmaja.com\/wp-content\/uploads\/2019\/08\/Atslega.wav?_=9\" \/><a href=\"http:\/\/cakstesmaja.com\/wp-content\/uploads\/2019\/08\/Atslega.wav\">http:\/\/cakstesmaja.com\/wp-content\/uploads\/2019\/08\/Atslega.wav<\/a><\/audio>\n<br \/>\n<figcaption><\/figcaption>\n<\/figure>\n\n<figure class=\"wp-block-audio alignwide\"><br \/>\n<figcaption><\/figcaption>\n<\/figure>\n\n<figure class=\"wp-block-audio alignwide\"><br \/>\n<figcaption><\/figcaption>\n<\/figure>\n\n<p>\u00a0<\/p>\n\t\t\t\t\t\t\t\t<\/div>\n\t\t\t\t<\/div>\n\t\t\t\t\t<\/div>\n\t\t<\/div>\n\t\t\t\t\t<\/div>\n\t\t<\/section>\n\t\t\t\t<\/div>\n\t\t","protected":false},"excerpt":{"rendered":"<p>&nbsp;<\/p>\n","protected":false},"author":1,"featured_media":0,"parent":0,"menu_order":0,"comment_status":"closed","ping_status":"closed","template":"elementor_header_footer","meta":{"footnotes":""},"class_list":["post-23","page","type-page","status-publish","hentry"],"_links":{"self":[{"href":"https:\/\/cakstesmaja.com\/index.php?rest_route=\/wp\/v2\/pages\/23","targetHints":{"allow":["GET"]}}],"collection":[{"href":"https:\/\/cakstesmaja.com\/index.php?rest_route=\/wp\/v2\/pages"}],"about":[{"href":"https:\/\/cakstesmaja.com\/index.php?rest_route=\/wp\/v2\/types\/page"}],"author":[{"embeddable":true,"href":"https:\/\/cakstesmaja.com\/index.php?rest_route=\/wp\/v2\/users\/1"}],"replies":[{"embeddable":true,"href":"https:\/\/cakstesmaja.com\/index.php?rest_route=%2Fwp%2Fv2%2Fcomments&post=23"}],"version-history":[{"count":15,"href":"https:\/\/cakstesmaja.com\/index.php?rest_route=\/wp\/v2\/pages\/23\/revisions"}],"predecessor-version":[{"id":175,"href":"https:\/\/cakstesmaja.com\/index.php?rest_route=\/wp\/v2\/pages\/23\/revisions\/175"}],"wp:attachment":[{"href":"https:\/\/cakstesmaja.com\/index.php?rest_route=%2Fwp%2Fv2%2Fmedia&parent=23"}],"curies":[{"name":"wp","href":"https:\/\/api.w.org\/{rel}","templated":true}]}}